{"id":2011,"date":"2017-05-12T18:12:02","date_gmt":"2017-05-12T17:12:02","guid":{"rendered":"http:\/\/www.ritamascialino.com\/cms\/?page_id=2011"},"modified":"2023-01-18T16:08:41","modified_gmt":"2023-01-18T15:08:41","slug":"convegno-scienze-umanistiche","status":"publish","type":"page","link":"https:\/\/www.ritamascialino.com\/cms\/convegno-scienze-umanistiche\/","title":{"rendered":"CONVEGNO SCIENZE UMANISTICHE"},"content":{"rendered":"<p>\"Scorcio in chiaroscuro del Teatro Stalla alla fine della rappresentazione <i>I sogni di Mastro Geppetto<\/i>,\u00a0 venerd\u00ec 5 maggio 2017. Il Presidente della Fondazione Pier Giacomo Lucchini ancora nella veste di Mastro Geppetto e Rita Mascialino in compagnia di Pinocchio.\"<\/p>\n<p><img loading=\"lazy\" class=\" aligncenter wp-image-1968\" src=\"http:\/\/www.ritamascialino.com\/cms\/wp-content\/uploads\/2017\/05\/Fondazione-Emilio-Bosis-01.jpg\" alt=\"Fondazione-Emilio-Bosis-01\" width=\"998\" height=\"665\" \/><\/p>\n<p>\"Prospettiva del Teatro Stalla della Fondazione Bosis\u00a0 durante lo smantellamento della scenografia allestita per 'Pinocchio'.\"<\/p>\n<p><img loading=\"lazy\" class=\"aligncenter wp-image-1969\" src=\"http:\/\/www.ritamascialino.com\/cms\/wp-content\/uploads\/2017\/05\/Fondazione-Emilio-Bosis-02.jpg\" alt=\"Fondazione-Emilio-Bosis-02\" width=\"998\" height=\"665\" \/><\/p>\n<p>&nbsp;<\/p>\n<p>La <strong>FONDAZIONE EMILIA BOSIS<\/strong> \u2013 Verdello BERGAMO BG ha indetto il <strong><em>CONVEGNO\u00a0 di\u00a0 SCIENZE UMANISTICHE \u00a0<\/em><\/strong>dal titolo: \u201c<strong>Le bugie della psichiatria: Il Pinocchio che dunque non sono. Come sopravvivere alla follia del mondo contemporaneo<\/strong>\u201d<\/p>\n<p>Data:\u00a0 8\u00a0 settembre 2017 \u2013 Sede:\u00a0 \u2018BERGAMO SCIENZA\u2019 BG<\/p>\n<p>La FONDAZIONE EMILIA BOSIS, presidente Pier Giacomo Lucchini, \u00e8 all\u2019avanguardia non solo dal punto di vista delle terapie e del recupero dei pazienti con disturbi di ordine psicologico e psichiatrico, ma anche nell\u2019ambito pi\u00f9 strettamente culturale, per il quale la Fondazione dispone anche di un Centro Studi specificamente impostato sulla ricerca relativa alla creativit\u00e0. In questo ambito ha avuto luogo l\u20198 settembre del 2017 a \u2018Bergamo Scienza\u2019 un interessantissimo e non conformistico Convegno sul tema di \u2018Pinocchio\u2019 al quale \u00e8 stata invitata Rita Mascialino per un suo intervento nel quale dare spazio alla trattazione del significato del testo letterario quale base imprescindibile per la comprensione della cultura umanistica in tutte le sue sfaccettature, tra cui il livello storico, biografico, comparativo, stilistico, ambiti di ricerca che senza la imprescindibile base dell'analisi del significato del testo hanno poco senso. Rita Mascialino ha proposto per il suo intervento al Convegno il suo studio <em>Critica letteraria soggettiva e oggettiva: il significato del testo di \u2018Pinocchio\u2019<\/em>, non ha potuto tuttavia partecipare per sopraggiunti impegni improrogabili.<\/p>\n<p>Tra le eccellenze della Fondazione si situa un originalissimo \u2018Teatro Stalla\u2019 nel quale si performano rappresentazioni di registi provenienti da ogni parte d\u2019Italia e nel quale lavorano gli uni accanto agli altri in serena e quanto mai valida\u00a0 collaborazione pazienti e personale specializzato in veste di attori assieme, fatto del tutto unico nell\u2019ambito, ad animali \u2013 il presidente stesso \u00e8 regista di molti spettacoli teatrali e attore straordinario, nonch\u00e9 scenografo. Gli animali, convenientemente addestrati ad interagire con le persone sulla scena, sono scelti tra quelli dello zoo istituito in seno alla Fondazione stessa. Dello zoo fanno parte numerose specie, tra cui una quarantina circa di cavalli, un gruppo di lama, gru coronate, pavoni, cicogne, pappagalli parlanti come il Cenerino, la Ara, l\u2019Amazzone, il Cacatua tra i pi\u00f9 noti, rapaci come il Corvo Reale, poiane, falconi, anche oche e anatre esotiche che vivono in apposito laghetto, molti uccelli non comuni, inoltre rettili e molto altro. Tutti cooperano per il bene degli ospiti nella Fondazione Bosis, il cui parco zoo, immerso nel verde pi\u00f9 fitto e rigoglioso, \u00e8 un vero e proprio paradiso terrestre sia per le persone che per gli animali. Tornando alle iniziative culturali a frequenza intensa che si realizzano nella Fondazione, il 5 maggio del 2017 ha avuto luogo nel Teatro Stalla la rappresentazione per bambini <em>I sogni di Mastro Geppetto<\/em>, un pezzo a finalit\u00e0 didattica imperniato sull\u2019importanza dei sogni nella vita in quanto propulsori di creativit\u00e0.<\/p>\n<p>Splendido regista e attore a tutto campo in seno allaFondazione \u00e8 Pier Giacomo Lucchini, infaticabile nell\u2019organizzazione di eventi di qualit\u00e0 su tutti i fronti e grazie alla cui direzione la Fondazione \u00e8 diventata il gioiello che \u00e8 oggi. Alla rappresentazione del 5 maggio 2017 era presente anche Rita Mascialino, affascinata dalla spazialit\u00e0 del Teatro Stalla, dalle sue atmosfere di chiaroscuri, suggestive ed emozionanti.<\/p>\n","protected":false},"excerpt":{"rendered":"<p>&#8220;Scorcio in chiaroscuro del Teatro Stalla alla fine della rappresentazione I sogni di Mastro Geppetto,\u00a0 venerd\u00ec 5 maggio 2017. Il Presidente della Fondazione Pier Giacomo Lucchini ancora nella veste di Mastro Geppetto e Rita Mascialino in compagnia di Pinocchio.&#8221; &#8220;Prospettiva del Teatro Stalla della Fondazione Bosis\u00a0 durante lo smantellamento della scenografia allestita per &#8216;Pinocchio&#8217;.&#8221; &nbsp; [&hellip;]<\/p>\n","protected":false},"author":4,"featured_media":0,"parent":0,"menu_order":0,"comment_status":"closed","ping_status":"open","template":"","meta":[],"aioseo_notices":[],"_links":{"self":[{"href":"https:\/\/www.ritamascialino.com\/cms\/wp-json\/wp\/v2\/pages\/2011"}],"collection":[{"href":"https:\/\/www.ritamascialino.com\/cms\/wp-json\/wp\/v2\/pages"}],"about":[{"href":"https:\/\/www.ritamascialino.com\/cms\/wp-json\/wp\/v2\/types\/page"}],"author":[{"embeddable":true,"href":"https:\/\/www.ritamascialino.com\/cms\/wp-json\/wp\/v2\/users\/4"}],"replies":[{"embeddable":true,"href":"https:\/\/www.ritamascialino.com\/cms\/wp-json\/wp\/v2\/comments?post=2011"}],"version-history":[{"count":3,"href":"https:\/\/www.ritamascialino.com\/cms\/wp-json\/wp\/v2\/pages\/2011\/revisions"}],"predecessor-version":[{"id":2139,"href":"https:\/\/www.ritamascialino.com\/cms\/wp-json\/wp\/v2\/pages\/2011\/revisions\/2139"}],"wp:attachment":[{"href":"https:\/\/www.ritamascialino.com\/cms\/wp-json\/wp\/v2\/media?parent=2011"}],"curies":[{"name":"wp","href":"https:\/\/api.w.org\/{rel}","templated":true}]}}

<p>"Scorcio in chiaroscuro del Teatro Stalla alla fine della rappresentazione <i>I sogni di Mastro Geppetto</i>,  venerdì 5 maggio 2017. Il Presidente della Fondazione Pier Giacomo Lucchini ancora nella veste di Mastro Geppetto e Rita Mascialino in compagnia di Pinocchio."</p>
<p><img loading="lazy" class=" aligncenter wp-image-1968" src="http://www.ritamascialino.com/cms/wp-content/uploads/2017/05/Fondazione-Emilio-Bosis-01.jpg" alt="Fondazione-Emilio-Bosis-01" width="998" height="665" /></p>
<p>"Prospettiva del Teatro Stalla della Fondazione Bosis  durante lo smantellamento della scenografia allestita per 'Pinocchio'."</p>
<p><img loading="lazy" class="aligncenter wp-image-1969" src="http://www.ritamascialino.com/cms/wp-content/uploads/2017/05/Fondazione-Emilio-Bosis-02.jpg" alt="Fondazione-Emilio-Bosis-02" width="998" height="665" /></p>
<p>&nbsp;</p>
<p>La <strong>FONDAZIONE EMILIA BOSIS</strong> – Verdello BERGAMO BG ha indetto il <strong><em>CONVEGNO  di  SCIENZE UMANISTICHE  </em></strong>dal titolo: “<strong>Le bugie della psichiatria: Il Pinocchio che dunque non sono. Come sopravvivere alla follia del mondo contemporaneo</strong>”</p>
<p>Data:  8  settembre 2017 – Sede:  ‘BERGAMO SCIENZA’ BG</p>
<p>La FONDAZIONE EMILIA BOSIS, presidente Pier Giacomo Lucchini, è all’avanguardia non solo dal punto di vista delle terapie e del recupero dei pazienti con disturbi di ordine psicologico e psichiatrico, ma anche nell’ambito più strettamente culturale, per il quale la Fondazione dispone anche di un Centro Studi specificamente impostato sulla ricerca relativa alla creatività. In questo ambito ha avuto luogo l’8 settembre del 2017 a ‘Bergamo Scienza’ un interessantissimo e non conformistico Convegno sul tema di ‘Pinocchio’ al quale è stata invitata Rita Mascialino per un suo intervento nel quale dare spazio alla trattazione del significato del testo letterario quale base imprescindibile per la comprensione della cultura umanistica in tutte le sue sfaccettature, tra cui il livello storico, biografico, comparativo, stilistico, ambiti di ricerca che senza la imprescindibile base dell'analisi del significato del testo hanno poco senso. Rita Mascialino ha proposto per il suo intervento al Convegno il suo studio <em>Critica letteraria soggettiva e oggettiva: il significato del testo di ‘Pinocchio’</em>, non ha potuto tuttavia partecipare per sopraggiunti impegni improrogabili.</p>
<p>Tra le eccellenze della Fondazione si situa un originalissimo ‘Teatro Stalla’ nel quale si performano rappresentazioni di registi provenienti da ogni parte d’Italia e nel quale lavorano gli uni accanto agli altri in serena e quanto mai valida  collaborazione pazienti e personale specializzato in veste di attori assieme, fatto del tutto unico nell’ambito, ad animali – il presidente stesso è regista di molti spettacoli teatrali e attore straordinario, nonché scenografo. Gli animali, convenientemente addestrati ad interagire con le persone sulla scena, sono scelti tra quelli dello zoo istituito in seno alla Fondazione stessa. Dello zoo fanno parte numerose specie, tra cui una quarantina circa di cavalli, un gruppo di lama, gru coronate, pavoni, cicogne, pappagalli parlanti come il Cenerino, la Ara, l’Amazzone, il Cacatua tra i più noti, rapaci come il Corvo Reale, poiane, falconi, anche oche e anatre esotiche che vivono in apposito laghetto, molti uccelli non comuni, inoltre rettili e molto altro. Tutti cooperano per il bene degli ospiti nella Fondazione Bosis, il cui parco zoo, immerso nel verde più fitto e rigoglioso, è un vero e proprio paradiso terrestre sia per le persone che per gli animali. Tornando alle iniziative culturali a frequenza intensa che si realizzano nella Fondazione, il 5 maggio del 2017 ha avuto luogo nel Teatro Stalla la rappresentazione per bambini <em>I sogni di Mastro Geppetto</em>, un pezzo a finalità didattica imperniato sull’importanza dei sogni nella vita in quanto propulsori di creatività.</p>
<p>Splendido regista e attore a tutto campo in seno allaFondazione è Pier Giacomo Lucchini, infaticabile nell’organizzazione di eventi di qualità su tutti i fronti e grazie alla cui direzione la Fondazione è diventata il gioiello che è oggi. Alla rappresentazione del 5 maggio 2017 era presente anche Rita Mascialino, affascinata dalla spazialità del Teatro Stalla, dalle sue atmosfere di chiaroscuri, suggestive ed emozionanti.</p>

<p>&#8220;Scorcio in chiaroscuro del Teatro Stalla alla fine della rappresentazione I sogni di Mastro Geppetto,  venerdì 5 maggio 2017. Il Presidente della Fondazione Pier Giacomo Lucchini ancora nella veste di Mastro Geppetto e Rita Mascialino in compagnia di Pinocchio.&#8221; &#8220;Prospettiva del Teatro Stalla della Fondazione Bosis  durante lo smantellamento della scenografia allestita per &#8216;Pinocchio&#8217;.&#8221; &nbsp; [&hellip;]</p>
